{"id":24,"date":"2012-07-24T22:24:35","date_gmt":"2012-07-24T20:24:35","guid":{"rendered":"http:\/\/www.lov-kleintiere.li\/?page_id=24"},"modified":"2026-01-11T10:56:02","modified_gmt":"2026-01-11T09:56:02","slug":"tatigkeiten-jahresberichte","status":"publish","type":"page","link":"https:\/\/www.lov.li\/?page_id=24","title":{"rendered":"Jahresberichte"},"content":{"rendered":"\n<p>Wir stehen f\u00fcr unsere Anliegen in der \u00d6ffentlichkeit ein und verfolgen unsere Ziele durch zahlreiche Massnahmen: So wird den Kleintierz\u00fcchtern erm\u00f6glicht, sich an den Kleintierausstellungen in der Schweiz und an den Europaschauen zu messen. Auch das Kursangebot der Schweizer Dachorganisationen steht unseren Mitgliedern zur Verf\u00fcgung.<\/p>\n\n\n\n<p>Regelm\u00e4ssig werden Vogelkundekurse angeboten und alternierend findet j\u00e4hrlich die ornithologische Landesexkursion statt. Die Winterf\u00fctterung und die Nisthilfen f\u00fcr die freilebenden V\u00f6gel sind ein fester Bestandteil der T\u00e4tigkeiten unserer Vereine.<\/p>\n\n\n\n<p>Die Delegiertenversammlung als oberstes Verbandsorgan tagt einmal j\u00e4hrlich, alternierend organisiert von den Vereinen. Die eigentliche Arbeitssitzung, die Pr\u00e4sidenten- und Obm\u00e4nnerkonferenz (POK), findet jeweils im November statt.<\/p>\n\n\n\n<p><strong>LOV-Jahresberichte in PDF<\/strong><\/p>\n\n\n\n<p><a href=\"https:\/\/www.lov.li\/wp-content\/uploads\/LOV-Jahresbericht-2021_red.pdf\" target=\"_blank\" rel=\"noopener\">Jahresbericht-LOV 2021<\/a><\/p>\n\n\n\n<p><a href=\"https:\/\/www.lov.li\/wp-content\/uploads\/JahresberichtLOV-2020.pdf\" target=\"_blank\" rel=\"noopener\">JahresberichtLOV-2020<\/a><br><a href=\"https:\/\/www.lov.li\/wp-content\/uploads\/JahresberichtLOV-2020-Botanik.pdf\" target=\"_blank\" rel=\"noopener\">JahresberichtLOV-2020-Botanik<\/a><\/p>\n\n\n\n<p><a href=\"https:\/\/www.lov.li\/wp-content\/uploads\/JahresberichtLOV-2019-Stand3.2.2020.pdf\" target=\"_blank\" rel=\"noopener\">JahresberichtLOV-2019<\/a><\/p>\n\n\n\n<p><a href=\"https:\/\/www.lov.li\/wp-content\/uploads\/JahresberichtLOV-2018.pdf\" target=\"_blank\" rel=\"noopener noreferrer\">JahresberichtLOV2018<\/a><\/p>\n\n\n\n<p><a href=\"http:\/\/www.lov.li\/wp-content\/uploads\/2018\/04\/Jahresbericht2017.pdf\" target=\"_blank\" rel=\"noopener noreferrer\">JahresberichtLOV2017<\/a><\/p>\n\n\n\n<p><a href=\"http:\/\/www.lov.li\/wp-content\/uploads\/2018\/04\/JahresberichtLOV2016.pdf\" target=\"_blank\" rel=\"noopener noreferrer\">JahresberichtLOV2016<\/a><\/p>\n\n\n\n<p><a href=\"http:\/\/www.lov.li\/wp-content\/uploads\/2018\/04\/JahresberichtLOV-2015.pdf\" target=\"_blank\" rel=\"noopener noreferrer\">JahresberichtLOV2015<\/a><\/p>\n\n\n\n<p><a href=\"http:\/\/www.lov.li\/wp-content\/uploads\/2012\/07\/Jahresbericht-LOV-2014.pdf\" target=\"_blank\" rel=\"noopener noreferrer\">JahresberichtLOV2014&nbsp;<\/a><\/p>\n\n\n\n<p><a href=\"http:\/\/www.lov.li\/wp-content\/uploads\/2012\/07\/Jahresbericht2013_web.pdf\" target=\"_blank\" rel=\"noopener noreferrer\">JahresberichtLOV2013<\/a><\/p>\n\n\n\n<p><a href=\"http:\/\/www.lov.li\/wp-content\/uploads\/2012\/07\/Jahresbericht2012.pdf\" target=\"_blank\" rel=\"noopener noreferrer\">JahresberichtLOV2012<\/a><\/p>\n\n\n\n<p><a href=\"http:\/\/www.lov.li\/wp-content\/uploads\/2012\/07\/Jahresbericht2011.pdf\" target=\"_blank\" rel=\"noopener noreferrer\">JahresberichtLOV2011<\/a><\/p>\n\n\n\n<p>&nbsp;<\/p>\n\n\n\n<p>&nbsp;<\/p>\n\n\n\n<p>&nbsp;<\/p>\n\n\n\n<p>&nbsp;<\/p>\n\n\n\n<p>&nbsp;<\/p>\n\n\n\n<p>&nbsp;<\/p>\n\n\n\n<p>&nbsp;<\/p>\n\n\n\n<p>&nbsp;<\/p>\n\n\n\n<p>&nbsp;<\/p>\n\n\n\n<p>&nbsp;<\/p>\n","protected":false},"excerpt":{"rendered":"<p>Wir stehen f\u00fcr unsere Anliegen in der \u00d6ffentlichkeit ein und verfolgen unsere Ziele durch zahlreiche Massnahmen: So wird den Kleintierz\u00fcchtern erm\u00f6glicht, sich an den Kleintierausstellungen in der Schweiz und an den Europaschauen zu messen. Auch das Kursangebot der Schweizer Dachorganisationen steht unseren Mitgliedern zur Verf\u00fcgung. Regelm\u00e4ssig werden Vogelkundekurse angeboten und alternierend findet j\u00e4hrlich die ornithologische &hellip; <\/p>\n<p class=\"link-more\"><a href=\"https:\/\/www.lov.li\/?page_id=24\" class=\"more-link\"><span class=\"screen-reader-text\">\u201eJahresberichte\u201c <\/span>weiterlesen<\/a><\/p>\n","protected":false},"author":1,"featured_media":0,"parent":0,"menu_order":0,"comment_status":"closed","ping_status":"open","template":"","meta":{"_uag_custom_page_level_css":"","footnotes":""},"class_list":["post-24","page","type-page","status-publish","hentry"],"uagb_featured_image_src":{"full":false,"thumbnail":false,"medium":false,"medium_large":false,"large":false,"1536x1536":false,"2048x2048":false,"twentyseventeen-featured-image":false,"twentyseventeen-thumbnail-avatar":false},"uagb_author_info":{"display_name":"admin","author_link":"https:\/\/www.lov.li\/?author=1"},"uagb_comment_info":0,"uagb_excerpt":"Wir stehen f\u00fcr unsere Anliegen in der \u00d6ffentlichkeit ein und verfolgen unsere Ziele durch zahlreiche Massnahmen: So wird den Kleintierz\u00fcchtern erm\u00f6glicht, sich an den Kleintierausstellungen in der Schweiz und an den Europaschauen zu messen. Auch das Kursangebot der Schweizer Dachorganisationen steht unseren Mitgliedern zur Verf\u00fcgung. Regelm\u00e4ssig werden Vogelkundekurse angeboten und alternierend findet j\u00e4hrlich die ornithologische&hellip;","_links":{"self":[{"href":"https:\/\/www.lov.li\/index.php?rest_route=\/wp\/v2\/pages\/24","targetHints":{"allow":["GET"]}}],"collection":[{"href":"https:\/\/www.lov.li\/index.php?rest_route=\/wp\/v2\/pages"}],"about":[{"href":"https:\/\/www.lov.li\/index.php?rest_route=\/wp\/v2\/types\/page"}],"author":[{"embeddable":true,"href":"https:\/\/www.lov.li\/index.php?rest_route=\/wp\/v2\/users\/1"}],"replies":[{"embeddable":true,"href":"https:\/\/www.lov.li\/index.php?rest_route=%2Fwp%2Fv2%2Fcomments&post=24"}],"version-history":[{"count":39,"href":"https:\/\/www.lov.li\/index.php?rest_route=\/wp\/v2\/pages\/24\/revisions"}],"predecessor-version":[{"id":6413,"href":"https:\/\/www.lov.li\/index.php?rest_route=\/wp\/v2\/pages\/24\/revisions\/6413"}],"wp:attachment":[{"href":"https:\/\/www.lov.li\/index.php?rest_route=%2Fwp%2Fv2%2Fmedia&parent=24"}],"curies":[{"name":"wp","href":"https:\/\/api.w.org\/{rel}","templated":true}]}}