{"id":106,"date":"2012-07-25T00:05:39","date_gmt":"2012-07-24T22:05:39","guid":{"rendered":"http:\/\/www.lov-kleintiere.li\/?page_id=106"},"modified":"2026-01-11T16:26:32","modified_gmt":"2026-01-11T15:26:32","slug":"ov-liechtenstein-unterland","status":"publish","type":"page","link":"https:\/\/www.lov.li\/?page_id=106","title":{"rendered":"OV Liechtenstein Unterland"},"content":{"rendered":"\n<p>&nbsp;<\/p>\n\n\n<div class=\"wp-block-image\">\n<figure class=\"aligncenter\"><img loading=\"lazy\" decoding=\"async\" width=\"1172\" height=\"222\" src=\"http:\/\/www.lov.li\/wp-content\/uploads\/2012\/07\/neuesLogo1.jpg\" alt=\"\" class=\"wp-image-288\" srcset=\"https:\/\/www.lov.li\/wp-content\/uploads\/2012\/07\/neuesLogo1.jpg 1172w, https:\/\/www.lov.li\/wp-content\/uploads\/2012\/07\/neuesLogo1-300x56.jpg 300w, https:\/\/www.lov.li\/wp-content\/uploads\/2012\/07\/neuesLogo1-1024x193.jpg 1024w\" sizes=\"auto, (max-width: 767px) 89vw, (max-width: 1000px) 54vw, (max-width: 1071px) 543px, 580px\" \/><\/figure>\n<\/div>\n\n\n<p><\/p>\n\n\n\n<h2 class=\"wp-block-heading\"><a href=\"http:\/\/www.ovlu.li\" target=\"_blank\" rel=\"noopener noreferrer\">www.ovlu.li &nbsp; &nbsp; &nbsp; &nbsp; &nbsp; &nbsp; &nbsp; &nbsp; &nbsp; &nbsp; &nbsp; &nbsp; &nbsp; &nbsp; &nbsp; &nbsp;&nbsp; <\/a><span style=\"display: inline !important; float: none; background-color: transparent; color: #333333; font-family: Georgia,'Times New Roman','Bitstream Charter',Times,serif; font-size: 16px; font-style: normal; font-variant: normal; font-weight: 400; letter-spacing: normal; line-height: 24px; orphans: 2; text-align: left; text-decoration: none; text-indent: 0px; text-transform: none; -webkit-text-stroke-width: 0px; white-space: normal; word-spacing: 0px; word-wrap: break-word;\">gegr\u00fcndet 1954<\/span><\/h2>\n\n\n\n<h2 class=\"wp-block-heading\"><strong>Vorstand<\/strong><\/h2>\n\n\n\n<figure class=\"wp-block-table\"><table class=\"has-fixed-layout\"><tbody><tr><td>Pr\u00e4sidentin<\/td><td>Fabienne Hasler<br>Beckaweg<br>9491 Ruggell<\/td><td>+4178 737 99 01<\/td><\/tr><tr><td>Aktuar\/<br>Vizepr\u00e4sident<\/td><td>Matthias Oberparleiter<br>Festspielstrasse 22<br>9492 Eschen<\/td><td>+4179 788 30 69<\/td><\/tr><tr><td>Kassier<\/td><td>Dario Hasler<br>W\u00fcerleweg 4<br>9491 Ruggell<\/td><td>dario.hasler@supra.net<\/td><\/tr><tr><td>Obmann Natur-<br>&amp; Vogelschutz<\/td><td>Steven Lampert<br>Kemmisb\u00fcntweg 11a<br>9491 Ruggell<\/td><td>&nbsp;<\/td><\/tr><tr><td>H\u00fcttenwart<\/td><td>Xaver Roser<br>Poliweg 9<br>9491 Ruggell<\/td><td>&nbsp;<\/td><\/tr><\/tbody><\/table><\/figure>\n\n\n\n<p>&nbsp;<\/p>\n\n\n\n<p><strong>Mitglieder per 1.1.2019:&nbsp; 26<\/strong><\/p>\n\n\n\n<h2 class=\"wp-block-heading\"><span style=\"color: #008000;\">&nbsp;<\/span><span style=\"color: #008080;\">60 Jahre OV Liechtenstein Unterland<\/span><\/h2>\n\n\n<div class=\"wp-block-image\">\n<figure class=\"alignleft\"><img loading=\"lazy\" decoding=\"async\" width=\"1024\" height=\"721\" src=\"http:\/\/www.lov.li\/wp-content\/uploads\/2014\/05\/OVLU-Einladung3-1024x721.jpg\" alt=\"OVLU-Einladung\" class=\"wp-image-1977\" srcset=\"https:\/\/www.lov.li\/wp-content\/uploads\/2014\/05\/OVLU-Einladung3-1024x721.jpg 1024w, https:\/\/www.lov.li\/wp-content\/uploads\/2014\/05\/OVLU-Einladung3-300x211.jpg 300w\" sizes=\"auto, (max-width: 767px) 89vw, (max-width: 1000px) 54vw, (max-width: 1071px) 543px, 580px\" \/><\/figure>\n<\/div>\n\n\n<p><a href=\"http:\/\/www.lov.li\/wp-content\/uploads\/2014\/05\/OVLU-Einladung3.jpg\"><br><\/a><\/p>\n\n\n\n<p>\u00a0<\/p>\n\n\n\n<p><a href=\"http:\/\/www.lov.li\/wp-content\/uploads\/2014\/05\/Flyer-Programm-60-Jahre-OV-LU.pdf\">Flyer Programm 60 Jahre OV LU<\/a><\/p>\n\n\n\n<p><a href=\"http:\/\/www.lov.li\/wp-content\/uploads\/2014\/05\/Nordwind_Apri-2014.pdf\">Nordwind_Apri 2014<\/a><\/p>\n\n\n\n<p>&nbsp;<\/p>\n\n\n\n<p>&nbsp;<\/p>\n","protected":false},"excerpt":{"rendered":"<p>&nbsp; www.ovlu.li &nbsp; &nbsp; &nbsp; &nbsp; &nbsp; &nbsp; &nbsp; &nbsp; &nbsp; &nbsp; &nbsp; &nbsp; &nbsp; &nbsp; &nbsp; &nbsp;&nbsp; gegr\u00fcndet 1954 Vorstand Pr\u00e4sidentin Fabienne HaslerBeckaweg9491 Ruggell +4178 737 99 01 Aktuar\/Vizepr\u00e4sident Matthias OberparleiterFestspielstrasse 229492 Eschen +4179 788 30 69 Kassier Dario HaslerW\u00fcerleweg 49491 Ruggell dario.hasler@supra.net Obmann Natur-&amp; Vogelschutz Steven LampertKemmisb\u00fcntweg 11a9491 Ruggell &nbsp; H\u00fcttenwart Xaver RoserPoliweg &hellip; <\/p>\n<p class=\"link-more\"><a href=\"https:\/\/www.lov.li\/?page_id=106\" class=\"more-link\"><span class=\"screen-reader-text\">\u201eOV Liechtenstein Unterland\u201c <\/span>weiterlesen<\/a><\/p>\n","protected":false},"author":1,"featured_media":0,"parent":0,"menu_order":2,"comment_status":"closed","ping_status":"open","template":"","meta":{"_uag_custom_page_level_css":"","footnotes":""},"class_list":["post-106","page","type-page","status-publish","hentry"],"uagb_featured_image_src":{"full":false,"thumbnail":false,"medium":false,"medium_large":false,"large":false,"1536x1536":false,"2048x2048":false,"twentyseventeen-featured-image":false,"twentyseventeen-thumbnail-avatar":false},"uagb_author_info":{"display_name":"admin","author_link":"https:\/\/www.lov.li\/?author=1"},"uagb_comment_info":0,"uagb_excerpt":"&nbsp; www.ovlu.li &nbsp; &nbsp; &nbsp; &nbsp; &nbsp; &nbsp; &nbsp; &nbsp; &nbsp; &nbsp; &nbsp; &nbsp; &nbsp; &nbsp; &nbsp; &nbsp;&nbsp; gegr\u00fcndet 1954 Vorstand Pr\u00e4sidentin Fabienne HaslerBeckaweg9491 Ruggell +4178 737 99 01 Aktuar\/Vizepr\u00e4sident Matthias OberparleiterFestspielstrasse 229492 Eschen +4179 788 30 69 Kassier Dario HaslerW\u00fcerleweg 49491 Ruggell dario.hasler@supra.net Obmann Natur-&amp; Vogelschutz Steven LampertKemmisb\u00fcntweg 11a9491 Ruggell &nbsp; H\u00fcttenwart Xaver RoserPoliweg&hellip;","_links":{"self":[{"href":"https:\/\/www.lov.li\/index.php?rest_route=\/wp\/v2\/pages\/106","targetHints":{"allow":["GET"]}}],"collection":[{"href":"https:\/\/www.lov.li\/index.php?rest_route=\/wp\/v2\/pages"}],"about":[{"href":"https:\/\/www.lov.li\/index.php?rest_route=\/wp\/v2\/types\/page"}],"author":[{"embeddable":true,"href":"https:\/\/www.lov.li\/index.php?rest_route=\/wp\/v2\/users\/1"}],"replies":[{"embeddable":true,"href":"https:\/\/www.lov.li\/index.php?rest_route=%2Fwp%2Fv2%2Fcomments&post=106"}],"version-history":[{"count":59,"href":"https:\/\/www.lov.li\/index.php?rest_route=\/wp\/v2\/pages\/106\/revisions"}],"predecessor-version":[{"id":6451,"href":"https:\/\/www.lov.li\/index.php?rest_route=\/wp\/v2\/pages\/106\/revisions\/6451"}],"wp:attachment":[{"href":"https:\/\/www.lov.li\/index.php?rest_route=%2Fwp%2Fv2%2Fmedia&parent=106"}],"curies":[{"name":"wp","href":"https:\/\/api.w.org\/{rel}","templated":true}]}}

<p>&nbsp;</p>


<div class="wp-block-image">
<figure class="aligncenter"><img loading="lazy" decoding="async" width="1172" height="222" src="http://www.lov.li/wp-content/uploads/2012/07/neuesLogo1.jpg" alt="" class="wp-image-288" srcset="https://www.lov.li/wp-content/uploads/2012/07/neuesLogo1.jpg 1172w, https://www.lov.li/wp-content/uploads/2012/07/neuesLogo1-300x56.jpg 300w, https://www.lov.li/wp-content/uploads/2012/07/neuesLogo1-1024x193.jpg 1024w" sizes="auto, (max-width: 767px) 89vw, (max-width: 1000px) 54vw, (max-width: 1071px) 543px, 580px" /></figure>
</div>


<p></p>



<h2 class="wp-block-heading"><a href="http://www.ovlu.li" target="_blank" rel="noopener noreferrer">www.ovlu.li &nbsp; &nbsp; &nbsp; &nbsp; &nbsp; &nbsp; &nbsp; &nbsp; &nbsp; &nbsp; &nbsp; &nbsp; &nbsp; &nbsp; &nbsp; &nbsp;&nbsp; </a><span style="display: inline !important; float: none; background-color: transparent; color: #333333; font-family: Georgia,'Times New Roman','Bitstream Charter',Times,serif; font-size: 16px; font-style: normal; font-variant: normal; font-weight: 400; letter-spacing: normal; line-height: 24px; orphans: 2; text-align: left; text-decoration: none; text-indent: 0px; text-transform: none; -webkit-text-stroke-width: 0px; white-space: normal; word-spacing: 0px; word-wrap: break-word;">gegründet 1954</span></h2>



<h2 class="wp-block-heading"><strong>Vorstand</strong></h2>



<figure class="wp-block-table"><table class="has-fixed-layout"><tbody><tr><td>Präsidentin</td><td>Fabienne Hasler<br>Beckaweg<br>9491 Ruggell</td><td>+4178 737 99 01</td></tr><tr><td>Aktuar/<br>Vizepräsident</td><td>Matthias Oberparleiter<br>Festspielstrasse 22<br>9492 Eschen</td><td>+4179 788 30 69</td></tr><tr><td>Kassier</td><td>Dario Hasler<br>Wüerleweg 4<br>9491 Ruggell</td><td>dario.hasler@supra.net</td></tr><tr><td>Obmann Natur-<br>&amp; Vogelschutz</td><td>Steven Lampert<br>Kemmisbüntweg 11a<br>9491 Ruggell</td><td>&nbsp;</td></tr><tr><td>Hüttenwart</td><td>Xaver Roser<br>Poliweg 9<br>9491 Ruggell</td><td>&nbsp;</td></tr></tbody></table></figure>



<p>&nbsp;</p>



<p><strong>Mitglieder per 1.1.2019:&nbsp; 26</strong></p>



<h2 class="wp-block-heading"><span style="color: #008000;">&nbsp;</span><span style="color: #008080;">60 Jahre OV Liechtenstein Unterland</span></h2>


<div class="wp-block-image">
<figure class="alignleft"><img loading="lazy" decoding="async" width="1024" height="721" src="http://www.lov.li/wp-content/uploads/2014/05/OVLU-Einladung3-1024x721.jpg" alt="OVLU-Einladung" class="wp-image-1977" srcset="https://www.lov.li/wp-content/uploads/2014/05/OVLU-Einladung3-1024x721.jpg 1024w, https://www.lov.li/wp-content/uploads/2014/05/OVLU-Einladung3-300x211.jpg 300w" sizes="auto, (max-width: 767px) 89vw, (max-width: 1000px) 54vw, (max-width: 1071px) 543px, 580px" /></figure>
</div>


<p><a href="http://www.lov.li/wp-content/uploads/2014/05/OVLU-Einladung3.jpg"><br></a></p>



<p> </p>



<p><a href="http://www.lov.li/wp-content/uploads/2014/05/Flyer-Programm-60-Jahre-OV-LU.pdf">Flyer Programm 60 Jahre OV LU</a></p>



<p><a href="http://www.lov.li/wp-content/uploads/2014/05/Nordwind_Apri-2014.pdf">Nordwind_Apri 2014</a></p>



<p>&nbsp;</p>



<p>&nbsp;</p>

<p>&nbsp; www.ovlu.li &nbsp; &nbsp; &nbsp; &nbsp; &nbsp; &nbsp; &nbsp; &nbsp; &nbsp; &nbsp; &nbsp; &nbsp; &nbsp; &nbsp; &nbsp; &nbsp;&nbsp; gegründet 1954 Vorstand Präsidentin Fabienne HaslerBeckaweg9491 Ruggell +4178 737 99 01 Aktuar/Vizepräsident Matthias OberparleiterFestspielstrasse 229492 Eschen +4179 788 30 69 Kassier Dario HaslerWüerleweg 49491 Ruggell dario.hasler@supra.net Obmann Natur-&amp; Vogelschutz Steven LampertKemmisbüntweg 11a9491 Ruggell &nbsp; Hüttenwart Xaver RoserPoliweg &hellip; </p>
<p class="link-more"><a href="https://www.lov.li/?page_id=106" class="more-link"><span class="screen-reader-text">„OV Liechtenstein Unterland“ </span>weiterlesen</a></p>

&nbsp; www.ovlu.li &nbsp; &nbsp; &nbsp; &nbsp; &nbsp; &nbsp; &nbsp; &nbsp; &nbsp; &nbsp; &nbsp; &nbsp; &nbsp; &nbsp; &nbsp; &nbsp;&nbsp; gegründet 1954 Vorstand Präsidentin Fabienne HaslerBeckaweg9491 Ruggell +4178 737 99 01 Aktuar/Vizepräsident Matthias OberparleiterFestspielstrasse 229492 Eschen +4179 788 30 69 Kassier Dario HaslerWüerleweg 49491 Ruggell dario.hasler@supra.net Obmann Natur-&amp; Vogelschutz Steven LampertKemmisbüntweg 11a9491 Ruggell &nbsp; Hüttenwart Xaver RoserPoliweg&hellip;
